 be n(7). Let h = v + -66. What are the prime factors of h?
2, 73
Suppose 3*m - 5*o + 709 = 6*m, -5*o - 957 = -4*m. Suppose -q - 59 + m = 0. Suppose 0*n + q = n. What are the prime factors of n?
179
Suppose 0 = 41*i + 59 + 802. Suppose -70 = -u + 24. Let w = i + u. List the prime factors of w.
73
Suppose -3*a - 5*i + 22 = 0, 0*a - 2*i + 16 = 3*a. Suppose -3*p = -a*d + 17, -d + 3 = 2*p - 4*p. What are the prime factors of (4 + 1026/(-12))*(-2)/p?
163
Let p be (1/(14/3812))/((-20)/(-70)). Suppose 433 = v - p. What are the prime factors of v?
2, 3, 7, 11
Let n(j) = 3591*j**2 + 70*j - 156. List the prime factors of n(2).
2, 17, 211
Suppose 24*i - 5*n = 22*i + 1604, -2428 = -3*i + 2*n. What are the prime factors of i?
2, 7, 29
Let j(m) = -m**2 + 56. Let f(y) = y. Suppose -2*n + 4 = 2. Let q(d) = n*j(d) + f(d). What are the prime factors of q(0)?
2, 7
Let s = 33125 + -23003. List the prime factors of s.
2, 3, 7, 241
Let o be 10/(-10)*(0 + 0). Suppose o = -5*x + 951 + 1879. What are the prime factors of x?
2, 283
Let f be (-1)/((-2)/(-13))*(-78)/13. Suppose -27 = 4*g - f. Suppose -6*k = g*m - k - 166, -4*m + 4*k = -168. What are the prime factors of m?
47
Suppose -6*l - 13440 = -4*b + 15794, -2*b + 4*l = -14618. What are the prime factors of b?
7307
Let i(p) = p**3 + 4*p**2. Let o be i(-2). Suppose -o*l + 4700 = 2*l. List the prime factors of l.
2, 5, 47
Suppose 3*j + 13 - 631 = -2*a, -5*a = -15. List the prime factors of j.
2, 3, 17
Let v(u) be the second derivative of u**4/12 - 5*u**3/2 + 5*u**2/2 - 25*u. Let p be v(15). Suppose -p*b = -524 + 14. What are the prime factors of b?
2, 3, 17
Let u(w) = 6*w + 29. Let r be u(-4). Suppose -y + r*y = 1480. List the prime factors of y.
2, 5, 37
Let c(y) = -3*y + 194. Let i be c(-23). Suppose -3156 = -i*b + 257*b. List the prime factors of b.
2, 263
Suppose -5*t + 7 = 3*a, 0 = t - 4*t - 5*a + 1. Suppose -132 = -h + 2*g, t*h = -h - 5*g + 341. Let p = h - 58. What are the prime factors of p?
2
Let r = -100 + 599. Suppose -r = -14*s + 4065. What are the prime factors of s?
2, 163
Let q be (385/(-462))/((-5)/(-6) - 1). Suppose 0 = 5*a - 4*l + 2*l - 2581, -q*a + 4*l = -2587. List the prime factors of a.
5, 103
Let q(z) = -49*z + 4067. What are the prime factors of q(-118)?
3, 7, 67
Suppose 2*g + 10 = 6. Let l be (1 - -1) + g*(0 - 1). Suppose 0 = -l*y + 6*y - 240. What are the prime factors of y?
2, 3, 5
Let k = -17492 - -22334. What are the prime factors of k?
2, 3, 269
Let x be 2 - (-496)/((-16)/(-4)). Suppose 0 = -230*s + 229*s + x. Suppose -4*a = 4*l - 612, 4*l - 2*a - 510 = s. What are the prime factors of l?
157
Suppose 5*v = -0*v. Suppose -y - 10 = -v*y + 5*d, 0 = -4*y + 3*d + 6. What are the prime factors of (0 + 2 + y)/((-18)/(-1737))?
193
Let y(u) = -99*u**2 + 7*u - 2. Let z be y(3). Let i = z - -1287. List the prime factors of i.
5, 83
Let q(i) be the first derivative of i**3/3 + 3*i**2/2 - 2*i - 5. Let a be q(-6). Suppose -n - y = -56 - a, -n - 3*y + 68 = 0. List the prime factors of n.
2, 37
Let y be ((21/12)/(-7))/(4/(-16)). What are the prime factors of -134*(0/y - 4) - -3?
7, 11
Suppose s = 3*s + 108. Let b = s + 54. What are the prime factors of (155/(-5 - b))/(1/(-6))?
2, 3, 31
Suppose -21 = -3*b + 4*n, 4*n + 15 = 3*b + 2*n. List the prime factors of 36/48*1096/b.
2, 137
Let y(t) = -106*t + 7 + 18 + 15. Let n be y(-16). Suppose 0 = -14*g + n + 112. What are the prime factors of g?
2, 3, 11
Suppose -8*q + 26 + 6 = 0. Suppose 3*c + 4*u = -19, 5*c + u = -q*u - 30. What are the prime factors of (2 + -1)*179 - c?
2, 23
Let c(z) = z**3 + 3*z**2 - 14*z + 26. Let y be c(-6). Suppose 11*i = -y*r + 6*i + 377, 0 = -4*i + 12. List the prime factors of r.
181
Suppose -110*x + 1083208 = 115*x - 197*x. List the prime factors of x.
2, 23, 29
Let d(b) = b**3 - 10*b**2 - 13*b + 24. Let h be d(11). Suppose 0 = -k + 4*r - h + 4, 4*k = 2*r + 8. List the prime factors of (-457)/(-3) + k/(-6).
2, 19
Let l(p) = -2563*p**3 - 6*p**2 - 212*p - 637. List the prime factors of l(-3).
2, 7, 11, 449
Suppose 21*s + 2383056 = -5*s + 130*s. What are the prime factors of s?
2, 3, 19, 67
Let o(k) = 11*k**3 + 2*k - 3. Suppose -4*m + 17 = m - 3*t, -4*t - 19 = -3*m. Let l be o(m). Suppose l*s = 9*s + 142. What are the prime factors of s?
2, 71
Let z(a) = -a**2 + 12*a + 11. Let d(o) = 6*o - 22. Let m be d(5). Let t be (44/(-6))/(m/24*-2). What are the prime factors of z(t)?
2, 11
What are the prime factors of (1047/(-9))/((-4)/720)?
2, 3, 5, 349
Let w(g) = -455*g**3 + g**2 - 5*g - 5. Let o = 122 - 123. What are the prime factors of w(o)?
2, 3, 19
Suppose -3*m - o + 506 = -2745, 0 = -4*m + 3*o + 4313. List the prime factors of m.
2, 541
Let a = -173 - -181. Let y(n) = 86*n - 79. List the prime factors of y(a).
3, 7, 29
What are the prime factors of 2/(-4)*(24/(-28))/((-13)/(-406133))?
3, 4463
Let v(s) = -s**3 - 3*s**2 - 103*s + 195. List the prime factors of v(-26).
13, 109
Let z(m) = -m**3 + 2*m**2 - 38*m + 10. Suppose -28 = 10*o - 6*o. List the prime factors of z(o).
3, 239
Let x = -913 + 2313. Suppose 3*u - x = 31. What are the prime factors of u?
3, 53
Let l be 6/15 - (-588)/30. Let y = 22 - l. Suppose y*p = 3*t + 71, 99 = -2*p + 5*p + 3*t. What are the prime factors of p?
2, 17
Let l(i) = 4*i**2 - 42*i + 98. Let m(r) = 2*r**2 - 21*r + 49. Let j(v) = -3*l(v) + 7*m(v). List the prime factors of j(-24).
5, 11, 31
Let s(l) = l**3 + 10*l**2 + 6*l - 29. Let z be 81/6*(-2)/3. Let g be s(z). List the prime factors of 4/4*-3 - 28/g.
11
Let d = -65 - -59. Suppose 0 = -4*u - 18 + 2. Let p = u - d. List the prime factors of p.
2
Suppose -3*f + 3 = 2*m - 0*f, -5*f + 19 = m. Let z(u) = u**3 + 15*u**2 + 11*u + 17. What are the prime factors of z(m)?
5, 11
Suppose 0 = -s + 6*s - j, -2*j = -2*s. Suppose s = -3*m + 3621 - 984. What are the prime factors of m?
3, 293
What are the prime factors of 219/9*(29 + 52)?
3, 73
Let z(j) = -j + 9. Let l be z(6). Let a(y) = -y**3 + 5*y**2 + 2*y - 7. Let o be a(5). Suppose -o*x + 119 = r, 4*r + l*x = -x + 452. List the prime factors of r.
2, 5, 11
Let b(h) = 496*h**2 + 219*h + 36. List the prime factors of b(-12).
2, 3, 239
Let w(q) = 2*q**2 - 5. Let y be w(2). Let l(k) = 6*k**2 + 0*k**y - 10*k**2 + 171 + k**3 + 5*k**2. What are the prime factors of l(0)?
3, 19
Let z be ((-1080)/81)/(4/18). List the prime factors of ((-27792)/z)/((-6)/(-15)).
2, 3, 193
List the prime factors of (((-33)/(-6))/11)/((-2)/(-37756)).
9439
Suppose m - 171 = -8*m. Let g be (m + -20)/(1/(-15)). Suppose -2*s + 5*s - g = -q, -2*q + 28 = 4*s. List the prime factors of q.
2, 3
Let m be ((-42)/5)/(18/(-840)). Suppose l - m = -2*f + 6*f, -4*l + 1517 = f. List the prime factors of l.
2, 5, 19
Suppose -69021 = -12*d - 7*d + 10*d. What are the prime factors of d?
7669
Let w(r) be the second derivative of 17*r**4/12 - r**3/3 - r**2 + 4*r + 9. Let d be ((-8)/(-6))/(10/(-15)). List the prime factors of w(d).
2, 5, 7
Let z = 50 - 40. Suppose -z*a = 28 - 268. List the prime factors of a.
2, 3
Suppose 0 = 2*m + 8*m - 180. Suppose 3*k = -6 + m. Suppose -4*p - 5*z = -395, 2*p - 96 = p - k*z. List the prime factors of p.
2, 5
Let l be (-102)/(-10) - 1/5. Let o = 23 - l. List the prime factors of o.
13
Let v be -4 + 8 - (8 + -3). Let y(o) = 4*o**2 + 3*o + 2. Let p be y(v). Suppose f = 3, f - 189 = -p*j - 3*f. List the prime factors of j.
59
Let h be 146*(-2)/3*(-45)/20. Let b = 376 - h. What are the prime factors of b?
157
Let d be (81/(-36))/(2/(-8*1)). Let x(j) = j**3 - 9*j**2 + 6*j + 3. Let v be x(d). Suppose -492 = v*c - 60*c. What are the prime factors of c?
2, 41
Let u be 21/84 - (27/(-4) + -1). Suppose -u*x + 10*x = -28. Let s(v) = -v**2 - 21*v - 33. List the prime factors of s(x).
5, 13
Suppose 12*v + 4*t - 256 = 10*v, -v = 4*t - 130. Let w = v - -154. What are the prime factors of w?
2, 5, 7
Suppose -4*x + 2*h + 14247 = -12171, 5*x = -5*h + 32985. What are the prime factors of x?
2, 3301
Suppose 17*m - 172733 - 212453 = 0. What are the prime factors of m?
2, 11329
Let p be (-1)/(1/(1168/(-1))). Suppose -67*i = -69*i + p. What are the prime factors of i?
2, 73
Suppose -19*f + 167645 = -32292. What are the prime factors of f?
17, 619
Let k(z) be the third derivative of z**5/30 - z**4/4 + 11*z**3/6 + 72*z**2. Let l be ((-27)/12)/((-2)/8). What a